+ 895*u**2 + 73*u + 4. Give f(5).
-131
Let s(x) = 149*x**2 + 246*x - 252. What is s(1)?
143
Let s(r) = -100*r**3 - 7500*r**2 - 11*r - 822. What is s(-75)?
3
Let m(h) = -2*h**2 + 1652*h + 35601. Give m(-21).
27
Let v(t) = -t**3 + 441*t**2 - 7604*t - 158. Calculate v(18).
22
Let l(h) = 9224*h - 55327. What is l(6)?
17
Let f(d) = 4773*d + 1341227. Determine f(-281).
14
Let b(g) = -g**3 - 65*g**2 + 670*g + 313. Give b(-74).
17
Let n(c) = 2*c**3 - 44*c**2 - 472*c + 59. What is n(-8)?
-5
Let d(m) = 1114*m - 2570. Calculate d(-1).
-3684
Let l(g) = -2*g**3 - 128*g**2 - 583*g + 438. Calculate l(-59).
25
Let i(z) = -1880*z - 16734. What is i(-9)?
186
Let v(l) = 49*l**2 + 340*l + 22. What is v(-5)?
-453
Let w(s) = 3700*s + 77668. What is w(-21)?
-32
Let n(l) = -1405*l + 221983. What is n(158)?
-7
Let j(z) = -z**2 - 32*z - 74. Give j(-77).
-3539
Let z(m) = -m**3 + 89*m**2 - 1258*m + 5. Give z(15).
-2215
Let g(q) = -16*q**2 - 891*q + 4845. Determine g(5).
-10
Let b(m) = -4*m**3 - 241*m**2 - 48*m + 482. Determine b(-60).
-238
Let c(p) = 20*p**3 - 127*p**2 + 22*p - 56. Give c(4).
-720
Let w(k) = -11*k**3 - 136*k**2 - 231*k - 2203. Give w(-12).
-7
Let o(i) = 2271*i - 1117334. Give o(492).
-2
Let a(v) = 2793*v + 329585. What is a(-118)?
11
Let b(q) = 25*q**2 - 1232*q - 1226. Determine b(-1).
31
Let r(o) = 318*o**2 + 109075*o + 132. Determine r(-343).
-211
Let i(q) = 4339*q + 156266. Give i(-36).
62
Let p(f) = -31*f**2 - 13903*f + 27891. What is p(2)?
-39
Let u(w) = 55*w**3 + 2858*w**2 - 87*w + 842. Give u(-52).
-42
Let i(z) = 3*z**3 - 29*z**2 + 88*z - 362. What is i(8)?
22
Let k(g) = -90*g - 1501. What is k(-28)?
1019
Let w(r) = 2*r**3 - 273*r**2 - 140*r + 455. Give w(137).
44
Let q(f) = -f**3 - 316*f**2 - 2143*f + 5999. Give q(-309).
-181
Let l(i) = 1510*i - 1837. What is l(1)?
-327
Let r(x) = -7*x**3 - 145*x**2 + 3*x + 435. What is r(0)?
435
Let i(y) = -11313*y - 2375736. Give i(-210).
-6
Let t(j) = j**3 - 73*j**2 - 122*j - 20913. Calculate t(78).
-9
Let q(o) = -602*o + 16323. Calculate q(27).
69
Let b(m) = 3*m**3 + 89*m**2 + 146*m + 1544. Determine b(-29).
-1008
Let k(u) = -4*u**3 + 535*u**2 + 671*u - 150. What is k(135)?
-690
Let c(k) = -k**3 - 43*k**2 + 697*k - 1274. Calculate c(-56).
462
Let w(h) = 2*h**3 - 59*h**2 + 3105*h - 94083. Give w(30).
-33
Let u(k) = -k**2 + 9399*k + 901945. What is u(-95)?
15
Let u(t) = 3*t**3 + 34*t**2 - 276*t - 107. Determine u(-18).
-1619
Let h(g) = 11304*g - 361843. Calculate h(32).
-115
Let l(o) = 28*o**3 - 1064*o**2 - 15*o + 607. Give l(38).
37
Let n(t) = -222*t + 28112. What is n(124)?
584
Let f(z) = -68*z**2 - 486*z + 459. What is f(-8)?
-5
Let d(s) = 2*s**3 - 331*s**2 + 820*s - 1138. Calculate d(163).
-323
Let l(h) = 7*h**2 - 1194*h + 48976. Determine l(102).
16
Let w(f) = -1869*f + 403730. Give w(216).
26
Let n(h) = 65172*h + 2085468. What is n(-32)?
-36
Let a(n) = n**3 - 155*n**2 + 1619*n + 13847. What is a(143)?
-24
Let c(i) = -95972*i + 479858. Give c(5).
-2
Let y(u) = -6*u**3 + 102*u**2 - 343*u + 5866. Determine y(17).
35
Let f(r) = -r**2 + 864127*r - 4320609. What is f(5)?
1
Let d(o) = 48095*o**2 - 1250469*o - 26. Determine d(26).
0
Let g(f) = -f**2 + 1410*f - 334646. Calculate g(1108).
-30
Let m(l) = l**3 + 53*l**2 - 1264*l - 68474. Give m(-52).
-42
Let l(a) = -178*a**2 + 1599*a - 13. Determine l(9).
-40
Let p(h) = 46*h**3 - 3*h**2 - 185*h + 462. What is p(4)?
2618
Let k(u) = 85*u - 1770. Calculate k(19).
-155
Let u(s) = -s**2 - 45*s + 15389. Calculate u(104).
-107
Let b(t) = -127*t + 3102. What is b(27)?
-327
Let c(b) = b**3 + 12*b**2 - 333*b + 1943. Give c(-27).
-1
Let k(f) = -3*f**3 - 1082*f**2 - 727*f - 2508. Calculate k(-360).
12
Let m(d) = 12*d**2 + 1427*d + 15380. What is m(-11)?
1135
Let l(n) = 2*n**2 + 419*n - 497. Give l(-210).
-287
Let w(k) = k**3 + 274*k**2 - 5005*k + 1028. Give w(17).
42
Let k(l) = -3*l**2 - 431*l - 4537. Determine k(-12).
203
Let g(d) = 5*d**3 - 32*d**2 - 1358*d + 3729. What is g(-15)?
24
Let c(s) = 42*s**2 + 320*s + 670. Calculate c(-5).
120
Let j(y) = -184*y - 734. What is j(-4)?
2
Let z(f) = -2*f**2 - 335*f + 2435. Calculate z(-174).
173
Let j(y) = -2*y**3 + 41*y**2 + 409*y - 46. What is j(28)?
-354
Let h(c) = -4042*c**2 - 8256*c - 1. Determine h(-2).
343
Let a(j) = -3163*j + 21591. Give a(6).
2613
Let f(c) = c**3 + 25*c**2 + 16*c + 532. Calculate f(-23).
1222
Let n(s) = -580*s - 5292. Determine n(-12).
1668
Let w(c) = 5*c**2 - 80*c - 2508. Give w(-25).
2617
Let c(u) = 17*u - 2335. Determine c(44).
-1587
Let w(g) = -16*g**3 + 67*g**2 - 26*g + 8. Give w(4).
-48
Let c(i) = -2728*i - 1113018. What is c(-408)?
6
Let x(w) = 2*w**3 - 30*w**2 + 63*w + 423. Give x(9).
18
Let q(t) = t**3 - 418*t**2 - 17341*t + 5930. What is q(456)?
2
Let k(w) = -w**3 - 33*w**2 + 229*w + 8307. What is k(-32)?
-45
Let x(n) = -11004*n - 4291551. Determine x(-390).
9
Let h(k) = 516*k - 115103. What is h(223)?
-35
Let r(b) = 67926*b - 543469. Determine r(8).
-61
Let s(d) = -20*d**2 + 300*d - 264. What is s(14)?
16
Let l(k) = -4833*k + 31284. Give l(6).
2286
Let i(f) = 660718*f - 3303590. What is i(5)?
0
Let b(r) = 259*r**2 + 139*r - 276. Determine b(2).
1038
Let o(r) = r**2 + 11721*r - 93809. Calculate o(8).
23
Let p(d) = 120*d - 561. Determine p(4).
-81
Let q(s) = 422*s**3 - 387*s**2 - 9*s + 6. Calculate q(1).
32
Let o(j) = 8*j**3 + 217*j**2 - 160*j + 1011. Calculate o(-28).
3
Let l(w) = w**3 + 214*w**2 + 4891*w + 69. Calculate l(-188).
-495
Let t(w) = -2736*w + 63829. Determine t(23).
901
Let m(c) = 11*c**2 + 2052*c + 3186. Calculate m(-185).
41
Let w(n) = -22*n**3 + 33*n**2 - 66*n + 10. What is w(2)?
-166
Let f(j) = -j**3 + 503*j**2 - 1051*j + 24546. Calculate f(501).
-3
Let q(p) = p**3 + 80*p**2 + 392*p + 1237. What is q(-75)?
-38
Let w(g) = 18*g**3 + 522*g**2 - 545*g - 93. Give w(-30).
57
Let j(o) = o**2 + 527*o - 42203. What is j(63)?
-5033
Let l(z) = -1044*z - 122523. What is l(-117)?
-375
Let a(t) = 6*t**3 - 98*t**2 + 295*t - 6113. What is a(17)?
58
Let b(v) = 16*v**3 - 97*v**2 - 104*v - 10. Calculate b(7).
-3
Let a(d) = -108463*d - 7267021. Determine a(-67).
0
Let l(d) = 12083*d - 84463. What is l(7)?
118
Let g(t) = 642886*t - 7071776. Give g(11).
-30
Let m(f) = -f**3 - f**2 + 134*f - 692. Give m(7).
-146
Let y(i) = -5280*i + 105763. Give y(20).
163
Let x(w) = 3*w**2 + 62382*w - 249508. Determine x(4).
68
Let h(f) = -149*f - 1407. Give h(-14).
679
Let o(p) = -p**2 + 9*p + 2705. Calculate o(-49).
-137
Let s(v) = -v**2 - 19*v - 111. What is s(-24)?
-231
Let u(h) = h**3 - 30*h**2 - 117*h + 347. Calculate u(33).
-247
Let z(y) = -4589*y - 2124717. Determine z(-463).
-10
Let n(c) = -15735*c + 125813. Determine n(8).
-67
Let s(v) = -v**2 - 255*v - 2471. Determine s(0).
-2471
Let o(x) = -165*x - 13436. Determine o(-96).
2404
Let r(w) = -4574*w + 150864. Give r(33).
-78
Let i(y) = -4*y - 79. What is i(12)?
-127
Let i(l) = 41*l**2 - 1309*l + 3483. Determine i(29).
3
Let u(r) = -1809*r - 25245. Determine u(-14).
81
Let j(u) = 530*u + 8087. Calculate j(-15).
137
Let u(n) = n - 263. Give u(81).
-182
Let c(y) = 22*y**2 - 4038*y - 12117. Give c(-3).
195
Let q(c) = -77*c**2 - 9938*c - 10444. What is q(-128)?
52
Let o(p) = -3*p**3 - 27399*p**2 + 109643*p + 5. Determine o(4).
1
Let k(j) = 979*j - 56244. Give k(56).
-1420
Let u(w) = -47*w**2 - 612*w - 287. What is u(-12)?
289
Let b(o) = -536*o - 8465. Give b(-16).
111
Let o(f) = 5*f**2 - 195*f - 889. What is o(-4)?
-29
Let v(m) = 47*m**2 - 1997*m - 12407. Calculate v(48).
25
Let u(a) = -a**3 - 41*a**2 + 68*a - 581. What is u(-43)?
193
Let f(c) = -82*c + 232. What is f(-5)?
642
Let k(z) = -3*z**3 - 1620*z**2 - 354*z - 191166. What is k(-540)?
-6
Let z(r) = 7*r**2 - 10997*r + 942744. What is z(1480)?
-16
Let m(j) = 2*j**2 - 2644*j + 44542. Calculate m(17).
172
Let o(x) = -10479*x - 83914. Give o(-8).
-82
Let k(t) = 78527*t + 314106. Give k(-4).
-2
Let n(c) = 2*c**3 + 4*c**2 - 156*c - 906. Calculate n(-8).
-426
Let w(y) = 4*y**2 - 120*y - 4840. What is w(-23)?
36
Let y(k) = 2*k**2 + 51257*k - 153783. Determine y(3).
6
Let g(s) = s**3 - 44*s**2 + 176*s - 304. Calculate g(39).
-1045
Let m(t) = -224537*t + 1347214. Determine m(6).
-8
Let n(k) = 2*k**2 + 396*k + 14585. Give n(-56).
-1319
Let i(x) = 51791*x + 1657305. Give i(-32).
-7
Let j(c) = -157929*c - 3000695. Give j